9cc
In base 3, what is -1111220010220 - -11?
-1111220010202
In base 5, what is -240 - -41?
-144
In base 15, what is 43045 + -2c?
43018
In base 11, what is 16060 + 5?
16065
In base 2, what is 1001111011 + -100?
1001110111
In base 4, what is 110320 + 32311?
203231
In base 13, what is -1 - -5a95?
5a94
In base 16, what is -35a - 2e3?
-63d
In base 4, what is 1 + -2002331?
-2002330
In base 6, what is 20355401 + -4?
20355353
In base 4, what is -2 - -3202003?
3202001
In base 9, what is 552 + -716?
-154
In base 5, what is -1 - 1232014?
-1232020
In base 8, what is -3346 + -153?
-3521
In base 3, what is 10002120010 + 0?
10002120010
In base 15, what is -1e + -29eed?
-2a01c
In base 14, what is -12 - 1abc3?
-1abd5
In base 15, what is -6 - -1459?
1453
In base 5, what is 1224402 - -10?
1224412
In base 7, what is -23106061 - -2?
-23106056
In base 7, what is 0 - 2164464?
-2164464
In base 5, what is -1 + 402424?
402423
In base 9, what is -5 + 657386?
657381
In base 4, what is -201330121 - 20?
-201330201
In base 11, what is 228 + 1219?
1446
In base 10, what is 25249 - 46?
25203
In base 8, what is 150 + -141?
7
In base 9, what is -216032 - 2?
-216034
In base 8, what is -10663 - -31?
-10632
In base 7, what is 330045 + -1?
330044
In base 5, what is -10044433 + -11?
-10044444
In base 2, what is 0 + -11000001001000?
-11000001001000
In base 12, what is -10 + 2392?
2382
In base 13, what is 80 - -787?
837
In base 5, what is -2424 - 342124?
-400103
In base 6, what is -2550230 + -2?
-2550232
In base 13, what is -440 - 391?
-801
In base 14, what is -30 - -4a?
1a
In base 5, what is 4131 + 134?
4320
In base 14, what is 486b + 4?
4871
In base 2, what is 101110010 + 110001010?
1011111100
In base 9, what is 117061 - 3?
117057
In base 13, what is 5 + -5a97?
-5a92
In base 3, what is -21201222 - -12011?
-21112211
In base 13, what is 3 + -99b4c?
-99b49
In base 11, what is -141 - -1a7?
66
In base 9, what is -48832 - -5?
-48826
In base 4, what is 13133002121 - 2?
13133002113
In base 16, what is -5bd + -24?
-5e1
In base 13, what is -66633 - 2?
-66635
In base 7, what is -565 + 13433?
12535
In base 14, what is -336 - 872?
-ba8
In base 14, what is 5d - 1c4c?
-1bcd
In base 9, what is 1482457 - 1?
1482456
In base 6, what is -153 - -1303?
1110
In base 2, what is 1001100011 - 111011?
1000101000
In base 2, what is 1111011110001 - 101?
1111011101100
In base 7, what is -24 - 3101?
-3125
In base 15, what is 233 - 7?
22b
In base 11, what is -25565 + 49?
-25517
In base 2, what is -11 - 1101110011010110111?
-1101110011010111010
In base 15, what is 5 - -80b61?
80b66
In base 15, what is -79a - -96?
-704
In base 13, what is -165 - -1aa9?
1944
In base 3, what is -10100101111 + -210?
-10100102021
In base 8, what is 61476 - 0?
61476
In base 3, what is 200011011 - 11?
200011000
In base 10, what is 5 - 118817?
-118812
In base 9, what is -68 - 23417?
-23486
In base 5, what is -3 + -1121144?
-1121202
In base 3, what is -20010121122 + -11?
-20010121210
In base 12, what is 65 + -2403?
-235a
In base 13, what is 1 - -49491?
49492
In base 3, what is 210200220111 + -12?
210200220022
In base 6, what is 31022 + 510?
31532
In base 14, what is 146 + -31c?
-1b6
In base 8, what is -20 - -21165?
21145
In base 3, what is -11211222022 - 0?
-11211222022
In base 9, what is 0 + -54173?
-54173
In base 12, what is -2 - -1a78?
1a76
In base 7, what is -121 - 202620?
-203041
In base 14, what is -28d - -15?
-278
In base 4, what is 332211 - -132?
333003
In base 2, what is 1000 + -11111010010111101?
-11111010010110101
In base 15, what is -2cb - 267?
-543
In base 7, what is -152 + -216?
-401
In base 7, what is 2234 + 24441?
30005
In base 5, what is 2 - 333124433?
-333124431
In base 3, what is 1221120 - 10210?
1210210
In base 11, what is -23494 - -3?
-23491
In base 7, what is 246132 + 5?
246140
In base 2, what is -1 + -1010100111100?
-1010100111101
In base 2, what is 101 - -1001111100001?
1001111100110
In base 5, what is -4331313 - -42?
-4331221
In base 13, what is 1 + -c341?
-c340
In base 3, what is -1001 + -22021?
-100022
In base 14, what is -5 + 1848b?
18486
In base 9, what is 5 + 346884?
347000
In base 7, what is 2 - -1120061?
1120063
In base 16, what is 2764 + -1c?
2748
In base 5, what is 34113 - -23?
34141
In base 12, what is -1083 - -115?
-b6a
In base 5, what is 203 - 3313322?
-3313114
In base 14, what is b84 - -1?
b85
In base 10, what is -6790 + -1?
-6791
In base 14, what is -4 + 9382?
937c
In base 11, what is 2 - 7128?
-7126
In base 7, what is 15620 - 6?
15611
In base 5, what is -10144434 + 11?
-10144423
In base 12, what is -92392 + 9?
-92385
In base 10, what is 18281 - -4?
18285
In base 15, what is -15a - -cbe?
b64
In base 12, what is -474 - 891?
-1145
In base 13, what is -2567aa + -1?
-2567ab
In base 7, what is 5 + 1565430?
1565435
In base 11, what is -271 - -2171?
1a00
In base 8, what is -2 - -33112?
33110
In base 3, what is -1110120 + 0?
-1110120
In base 3, what is 1211020221 + -12?
1211020202
In base 7, what is -3 - 21114?
-21120
In base 7, what is -14603 + -224?
-15130
In base 12, what is -77b399 - -4?
-77b395
In base 14, what is 196 + -1b?
179
In base 4, what is 20010 - -10?
20020
In base 16, what is -1 + 147a?
1479
In base 14, what is -3a3 + 2015?
1a52
In base 5, what is -1133221 - -12?
-1133204
In base 6, what is -4 - -21141122?
21141114
In base 12, what is 76b - 24?
747
In base 9, what is -787 - -65?
-722
In base 3, what is -111 + 111202010?
111201122
In base 5, what is -21234 - 12421?
-34210
In base 9, what is 7826 + -35?
7781
In base 9, what is 10235 + 61?
10306
In base 14, what is 5 - 24491d?
-244918
In base 13, what is 0 - -9961?
9961
In base 12, what is -5 - -2bb94?
2bb8b
In base 5, what is -4322 - -20?
-4302
In base 4, what is 2331 - -123223?
132220
In base 2, what is -1001100101101 - 10101010?
-1001111010111
In base 12, what is -1 - -145b9b?
145b9a
In base 12, what is 19b90b6 - 1?
19b90b5
In base 3, what is -102 - -2201121200?
2201121021
In base 16, what is 2 + -42106?
-42104
In base 13, what is 28a - -b2?
36c
In base 9, what is -15532 + 2?
-15530
In base 16, what is 27a47 - 4?
27a43
In base 5, what is -10 + 2213403?
2213343
In base 6, what is -10405 + -214?
-11023
In base 5, what is -1233013 + -1?
-1233014
In base 8, what is -535 - -15637?
15102
In base 4, what is -2000 + 120002?
112002
In base 2, what is 110 - 101000111011110101?
-101000111011101111
In base 10, what is 14 - 5391?
-5377
In base 8, what is -701 - -3371?
2470
In base 2, what is 10111101 - -111010001?
1010001110
In base 11, what is -5 + 169a3?
16999
In base 6, what is 1102412 - -2?
1102414
In base 12, what is -b - -920b?
9200
In base 14, what is 6 + 3c?
44
In base 13, what is -c + 91?
82
In base 11, what is -382 - 291?
-663
In base 10, what is -1 + -20673?
-20674
In base 8, what is -150265 - -1?
-150264
In base 7, what is 1405125 - -10?
1405135
In base 10, what is 3979 + 70?
4049
In base 10, what is 4 + -2895?
-2891
In base 12, what is -7a5b + -2b?
-7a8a
In base 7, what is 2124 - 11060?
-5633
In base 5, what is 3 - 1012324?
-1012321
In base 9, what is -2020 - -2500?
470
In base 3, what is -1112110 - -2020?
-1110020
In base 3, what is 1210121201 - -11?
1210121212
In base 2, what is -110111101101010001101 - 101?
-110111101101010010010
In base 9, what is -242 - -1053?
711
In base 12, what is -25 + 13b3?
138a
In base 10, what is 59 + -10278?
-10219
In base 15, what is 5 - -ecd2?
ecd7
In base 14, what is 408 + 3a1?
7a9
In base 6, what is 1 - 50031?
-50030
In base 7, what is 633024 - -3?
633030
In base 6, what is -123354 + -442?
-124240
In base 13, what is -42 + -6069?
-60ab
In base 9, what is 21702 - 41?
21651
In base 14, what is c8bb + -3?
c8b8
In base 16, what is -d0 - -10d?
3d
In base 6, what is 1125310 + -3?
1125303
In base 4, what is 20 + 2320303?
2320323
In base 12, what is -1111 - -12?
-10bb
In base 3, what is -21 - -2221021?
2221000
In base 9, what is -13774 + -217?
-14102
In base 6, what is 1540025 - 5?
1540020
In base 14, what is 42 - -27a8?
280a
In base 4, what is -2233203 - -112?
-2233031
In base 10, what is -1 - 11825?
-11826
In base 3, what is -120002 + 20212?
-22020
In base 8, what is -217 + 13422?
13203
In base 4, what is 3 + 310011?
310020
In base 7, what is 3 + -4631612?
-4631606
In base 7, what is 2326001 + 0?
2326001
In base 1